nits digit of l?
7
Let i be 147/84*12/9*3. Suppose i*o - 263 = 1221. What is the units digit of o?
2
Let a = 19048 + 21951. What is the hundreds digit of a?
9
Suppose -22999 = -q - v, -5*q + 119717 = 4*v + 4724. What is the ten thousands digit of q?
2
Let p = -68 - -92. Suppose -2240 - p = -4*y - 5*w, 1132 = 2*y - 3*w. What is the hundreds digit of y?
5
Let q = 769 - -235. Let k = -679 + q. What is the units digit of k?
5
Let z be ((-45)/(-10))/((-15)/(-20)) + 2. Suppose -1360 = -z*n + 4168. What is the tens digit of n?
9
Let o(s) = 3*s + 35. Let k be o(15). Let w be k/60 + 122/(-6). Let d = w + 74. What is the units digit of d?
5
Let y = 2595 + -284. What is the units digit of y?
1
Let q = 5 + 5. Suppose -i + 54 = -q*i. What is the units digit of -14*42/(-8) + (-3)/i?
4
What is the tens digit of ((-72)/60)/(3/(-22555))?
2
Let z be 0/(0 + 2) + 12. Suppose 4*u - 58*l = -63*l + 33, 2*l = -u + 12. Suppose j = -r, 4*j - u*j = -5*r - z. What is the units digit of j?
4
Let h = 13578 - 9217. What is the hundreds digit of h?
3
Let s(v) = v**3 + v**2 - v + 70. Let i be s(0). Let q be (666/i - (-2)/7)*5. Let w = 37 + q. What is the tens digit of w?
8
Suppose -5*f + 6 + 0 = -m, -2*m - 4*f = 26. What is the tens digit of m/2*(5 - 15)?
5
Suppose -4*q + 1110 = b - 29111, 3*b = -3*q + 22650. What is the thousands digit of q?
7
Let i = -29 + 97. Let u = 87 + i. What is the tens digit of 3/(30/8)*u?
2
Let s = 990 + 4032. What is the thousands digit of s?
5
What is the tens digit of (3 - 83191/(-11)) + (-58)/(-319)?
6
Let g(r) = -2*r + 21. Let h be g(12). Let s be 1 + (-169)/(-7) + h/21. Let v = 121 - s. What is the units digit of v?
6
Suppose -3*o + 4515 = 1164. Let a = -590 + o. What is the hundreds digit of a?
5
Suppose 3*f + 5*x = 7874, 0 = 13*f - 14*f - 2*x + 2623. Suppose s + 5*y = 802, -y - f = -3*s - 147. What is the units digit of s?
7
Suppose -33737*k + 64537 = -33726*k. What is the tens digit of k?
6
Let l(s) = s**3 - 15*s**2 - 79*s - 263. What is the thousands digit of l(35)?
1
Let u be 5 - -18*10/4. Suppose u*n - 60*n = -4920. What is the hundreds digit of n?
4
Suppose -48*d = -45*d - 162. Let j be (-598170)/d + 2/9. What is the tens digit of (-4)/(-18) - j/171?
6
Let a = 44 + 10. Let g be (-522)/(4 + a/(-12)). What is the units digit of ((-1)/(-3))/(((-8)/g)/(-2))?
7
Let k(m) be the first derivative of -15 - 23*m - 1/3*m**3 - 8*m**2. What is the tens digit of k(-11)?
3
Let m = -48 + 43. Let f be (0 - m)/(6/6). Suppose 4*i = 16, -3*d = -3*i + f*i - 284. What is the tens digit of d?
9
Let v(r) = 504*r + 44. Let l(k) = k - 3. Let d(y) = 24*l(y) + 2*v(y). What is the units digit of d(1)?
8
Let s(w) = -21*w - 72*w - 116 + 31*w + w. What is the units digit of s(-3)?
7
Let d = 2217 + 3631. What is the thousands digit of d?
5
Let r = -405 + -826. Let a = r + 2233. What is the units digit of a?
2
Suppose 5*i = 80*s - 79*s - 24698, -3*s = -5*i - 74144. What is the tens digit of s?
2
Let t be (3 + -16)/(2/4)*-7. Let b = 120 + t. What is the tens digit of b?
0
Let x(t) = -t**3 + 30*t**2 - 2*t + 62. Let q be x(30). Suppose 3*j + q*u - 822 = 6, j - 4*u - 290 = 0. What is the hundreds digit of j?
2
Suppose 2*p = -p. Let b(q) = p*q - 5*q - 6*q + 5. What is the tens digit of b(-4)?
4
Let f = 2447 + -1076. Suppose 3*g + 1094 = -4*x, -8*x + 3*x - 2*g = f. Let r = 461 + x. What is the hundreds digit of r?
1
Let z(k) = -k**2 + 274*k + 3974. What is the hundreds digit of z(161)?
1
Let f(q) = 5*q**2 + 3*q + 1. Let a be f(-2). Let w(i) be the first derivative of 7*i**2/2 + 16*i + 1570. What is the tens digit of w(a)?
2
What is the thousands digit of 41979/2*1756/1317?
7
Let l be (-51 + (-16)/8)*2. Suppose 3*m + 11 = -4, 0 = -c - m + 223. Let b = l + c. What is the units digit of b?
2
What is the hundreds digit of (-9)/(-12) + (-425790)/(-152)?
8
What is the units digit of (-58 + (3 - 12))*(1 + -6)?
5
Suppose 0 = 2*g + 4*q - 170, 0*g + q = -2*g + 182. Suppose -30 = -2*v - y + g, -4*y + 108 = 2*v. Let c = v + 19. What is the tens digit of c?
8
Let d(n) = -113*n + 584. What is the tens digit of d(-37)?
6
Let d(i) = 19*i - 1907*i**3 - 4*i**2 + 1906*i**3 - 2 + 15. Suppose 0 = -4*w - 22 - 10. What is the tens digit of d(w)?
1
Let i(d) = 5*d**2 + 4*d + 14. Let j(r) = 6*r**2 + 3*r + 15. Let o(l) = 3*i(l) - 2*j(l). Let n = 2705 - 2713. What is the units digit of o(n)?
6
Let w(n) = -5*n + 1 - 3*n**2 + 14*n**3 + 3*n**2 + 0 + 7*n - 4*n**2. Suppose -2*b + 0 = 2*k - 2, -2*b - 4 = -k. What is the hundreds digit of w(k)?
1
Suppose -2*k = 2*k - 12. Suppose -3*n - 1850 = v - k*v, -v + 928 = -3*n. What is the hundreds digit of v?
9
Suppose 0 = 3*q - 2*q - 3. Suppose 4*m + 219 = 3*h - 9, 0 = h + q*m - 63. What is the units digit of h?
2
Suppose -3*p - 3*o + 162873 = 0, -5*p + 217948 + 53457 = -5*o. What is the thousands digit of p?
4
Let n(l) = 1180*l**2 + 597*l - 4869. What is the hundreds digit of n(8)?
4
Let v(s) be the second derivative of -7*s**3/6 - 7*s**2/2 - 12*s. Let g be v(-5). Suppose f - 7 = g. What is the units digit of f?
5
Let l = -104 + 106. What is the units digit of l - (14 - 8) - (-396)/2?
4
Let y = 99 + -102. What is the tens digit of -1 - 11955/10*2/y?
9
Let b(j) = -118*j - 130. Suppose -3*w + 7 = -3*d - 8*w, 0 = -2*d + 3*w - 30. What is the units digit of b(d)?
2
Let a(c) = -12*c - 15. Let s be a(-8). Suppose 431 = 5*i + l, 6*l - l = i - s. Suppose -2*z = -242 + i. What is the units digit of z?
8
Let j = -18101 - -19751. What is the thousands digit of j?
1
Let w be 348/16 + 10/8. Suppose -27*o + w*o = -420. What is the hundreds digit of o?
1
Let d = 23081 + -11361. What is the units digit of d?
0
Suppose -5*q = 4*a - 23, 0 = -q + 2*q - 2*a + 1. What is the tens digit of (-4)/q*(-27189)/76?
7
Suppose -18*g + 336908 = -250126. What is the tens digit of g?
1
Let y(b) = b**3 - 78*b**2 + 2*b - 133. What is the ten thousands digit of y(81)?
1
Let t be 42/(-2 - -8) + 7997. Suppose 1668 + t = 12*p. What is the units digit of p?
6
Suppose -5*m - 115 = 5*j, -2*j - 74 = 3*m + 2*j. Let r = m - -93. What is the units digit of r?
5
Let n = -20351 - -36535. What is the thousands digit of n?
6
What is the tens digit of (80 - (0 - 6))/((-19)/(-16074))?
5
Suppose 0 = 4*n + 260*b - 265*b - 17391, 3*b = 3. What is the units digit of n?
9
Let p = -104 - -108. Suppose -j = p*i - 1419, 8*i = 3*i - 2*j + 1776. What is the tens digit of i?
5
Suppose -8*o = -5*o + 4*j - 4650, -3*j = -2*o + 3083. Suppose 557 = -23*m + o. What is the tens digit of m?
4
Suppose -66741 + 102503 = 41*o - 186007. What is the hundreds digit of o?
4
Let j = 93 - 73. Suppose -a - 65 = -k, 0 = -19*k + j*k - 2*a - 62. What is the tens digit of k?
6
Let l be ((-211)/2)/((-6)/(-12))*-5. Let h = l + -740. What is the units digit of h?
5
Suppose 61*q - 610498 = -7*q + 1036258. What is the tens digit of q?
1
Suppose 2*r - 2*c - 25 = -7*c, 5*r + 3*c - 15 = 0. Let j(m) = m**3 - m**2 + 3*m + 120. Let t be j(r). Suppose -5*d + 0*d = -t. What is the tens digit of d?
2
Let h = 165 + -110. Suppose -h*q = -51*q - 8. What is the tens digit of ((-8)/32)/(q/8)*-177?
7
Let j(q) = -4*q - 38*q**2 - 25 - q + 517*q**3 - 12*q**2 - 515*q**3. What is the tens digit of j(26)?
9
Let a(z) = 351 - 271*z**3 + 10*z + 272*z**3 - z**2 - 9*z. What is the units digit of a(0)?
1
Let o be (796/5)/(6/15). Let w = o + 594. What is the tens digit of w?
9
Suppose 0 = 98*b - 182*b + 474852. What is the units digit of b?
3
Suppose 141*c = 57*c - 45*c + 2155074. What is the units digit of c?
6
Let o be 18/6 + (-1 - -4). Suppose 5*f - 5*x = 25, o*x = -2*f + 4*x + 10. Suppose 485 = f*b + 5*y, 6*b - 461 = b + 3*y. What is the units digit of b?
4
Suppose 0 = 48*c - 69*c + 126. Let t = -4476 + 6276. Suppose 16*q = c*q + t. What is the units digit of q?
0
Let y(d) = 124*d**3 + d**2 + 2*d - 2. Let m be y(1). Suppose 0*i - m = 2*n + 5*i, 0 = -n - 5*i - 70. Let l = -27 - n. What is the units digit of l?
8
Let v be (-6)/12*-6 - 120/(-4). Let a(s) = 13*s + 80. What is the hundreds digit of a(v)?
5
Suppose l = 11*l + 20. What is the units digit of (3094/56 - -3) + l/8?
8
Let f(k) = 1795*k**2 + 155*k + 11. What is the hundreds digit of f(4)?
3
Let l(z) = 33*z**2 - 357*z + 32. What is the tens digit of l(-23)?
0
Let y(j) = 4*j**2 + 18*j - 24. Let r be y(-10). Suppose -r*d 